+ -24 + (1 - -3 - 10 - -14)
-56
What is (137 - 126) + -17 + 4 - 51?
-53
-21 - (5 + 4 + -23 - (-23 - -21))
-9
What is -13 - ((-59 - -67) + -25)?
4
What is the value of 112 - (79 + 116) - -6?
-77
What is the value of (-132 - -69 - 42) + (2 - (-4 - 7))?
-92
Evaluate (14 - 11 - -4) + 24 + (6 - (2 + -5)).
40
What is the value of 6 + (22 - -15 - 26 - 39)?
-22
Evaluate (1 - 2) + -63 + 28 + -28 + 22.
-42
What is the value of -78 - -177 - (86 + -13)?
26
52 + -49 + -61 + 53
-5
What is the value of -53 - (28 + -63) - (6 + -32)?
8
Calculate -5 + (12 - 15) + 34.
26
What is 394 + -425 - (-13 + (1 - -2))?
-21
(-95 - (2 - 4)) + 8791 + -8776
-78
What is -3 - (82 + -63 + (-13 - -1) - 5)?
-5
What is the value of (-10 - -50) + -6 - -1?
35
Evaluate 23 + (-34 - -34 - -28) + -25.
26
-4 + (232 + -203 - (1 + -21) - (3 + -1))
43
-26 + 57 + (2 - 10) + -9 + (-2 - 89)
-77
Calculate (-87 - -83 - (-1 - 4) - (6 - -2)) + -111.
-118
What is the value of -22 - (-7 - (0 + -27 + 12))?
-30
What is 18 + (-54 + 57 - 54)?
-33
-111 - (9 + 82 + -139)
-63
Calculate -12 + 55 - -1 - ((41 - 28) + -33).
64
20 + -62 + 55 + -136
-123
What is -35 + (-37 + 145 - 40)?
33
What is the value of (0 - -3 - (-5 + -3)) + -239 + 417 + -132?
57
Calculate 16 + (-1 - (26 - (30 + -14))).
5
549 + -538 - ((1 - (0 + -19)) + 2)
-11
What is the value of -1 + 11 + -43 + (-15 - -9 - (-4 + 2))?
-37
Calculate (51 - -31) + -54 - -17 - (-2 - (-2 + -8)).
37
Evaluate (3 - (0 + 6) - (1 + -69)) + (-479 - -474).
60
-5 - (-5 + 18) - (22 + (7 - 13))
-34
Calculate -32 + (-49 - -86) + 76.
81
Evaluate -3 + 5 - -2 - ((6 - -19) + -94) - 13.
60
Calculate (-11 - (-62 - -45)) + 2 + 0 + 66.
74
What is the value of 0 + (-9 + 75 - 28)?
38
18 + 0 - 2 - 0 - -30
46
What is the value of 16 + (-6 - (-13 + 24)) + 50 - 2?
47
What is the value of (11 - 0) + (-67 - (3 - 7 - 1)) + -5?
-56
-289 - -201 - (-30 - -70)
-128
What is the value of (79 - (44 + 4)) + -2 + -6 - 32?
-9
Evaluate -2 - (0 + (-44 - -21) + 45).
-24
-4 + -4 + (-15 + 11 + -10 - 5)
-27
What is the value of 3 - -18 - (-84 + 86 + 1 + -4)?
22
Evaluate -10 - (58 - 64) - (1 + -43 + -5 + 10).
33
What is the value of -3 + 19 + (-4 + -5 - 8) + (0 - 24)?
-25
What is the value of (-10 - (-4 + 4 + 4 + -7)) + 27?
20
What is 34 + -1 + (154 - 242 - -97)?
42
Calculate 3 + 0 + (9 + -4 - 1) + (19 - -17).
43
Evaluate 214 - 68 - 89 - (-4 - -1) - -2.
62
Evaluate -77 - (-58 - (32 + -63)) - (14 + 3).
-67
What is the value of -3 + (9 + -3 - (-9 - -19)) - 12?
-19
What is (21 + 1 - (-16 + 40)) + -29 + 1?
-30
Evaluate (16 - (4 - 2)) + 62 + -181 + 71.
-34
Evaluate -14 + (-10 - -22 - (6 + 2 - 11)) + 79.
80
Evaluate -51 - (-104 + 42) - -34.
45
What is 70 + 1 + -821 + 803?
53
What is -130 - (-13 - (140 - 91))?
-68
Calculate 13 + -15 + 7 + 4 + -16 + (1 - 7).
-13
What is the value of -43 + (1 - 5) + -3 - (15 + -24)?
-41
What is the value of -2 - (-14 + -1) - (-74 + 3 + 2 + 1)?
81
What is the value of (35 - 0) + -111 + (-396 - -417)?
-55
Evaluate -2 - 74 - (2 - 35 - (478 - 525)).
-90
What is the value of -28 + 4 + (-23 - -82 - 53)?
-18
What is the value of -53 - (-6 + -29) - (-1 - 1 - 12)?
-4
What is the value of -1393 - -1401 - (1 + -7) - -80?
94
Evaluate -197 + 250 + (-13 - (5 + -5 + 3)).
37
What is the value of -104 - (51 - (27 - -118))?
-10
What is -1 + 61 + -178 + 142 - (1 - 4)?
27
What is -147 - (57 + -54 + -10 - (3 - -7))?
-130
Calculate -22 - (111 + -107 - (-7 - 2)).
-35
Evaluate -22 + (66 - (71 + -23)).
-4
What is (8 - -1) + (-1 - (-259 + 267 - (13 + 0)))?
13
Calculate (-91 - (-8 + 11 + -5 + 15)) + (3 - 15).
-116
What is the value of (3 + 4 + -2 - ((-7 - -16) + -35)) + 4?
35
99 + (48 - -7) - 144
10
What is (13 + -2 - (-15 + 8 + 26)) + (-87 - -6)?
-89
What is -87 + 37 - (-11 - -22)?
-61
What is the value of 18 + -39 + (-8 - (3 + -7))?
-25
What is (10 - 1 - 29) + (-6 - -14 - 5)?
-17
What is the value of -14 + -3 + 28 + -23 + 52?
40
What is (-5 - -16) + (22 - -1) + (28 - 0) + -17?
45
(104 - 105 - (-1 + 10)) + -45
-55
Calculate -11 - (16 + -27 + 11) - (-69 - (-2 + 0)).
56
Calculate 1 + 1 + -12 + -38 + 118 + 2 + -12.
60
What is (1 - -12 - 7 - -75) + 288 + -299?
70
What is the value of -13 + (3 + -2 - (9 - (-10 + (14 - 3))))?
-20
Calculate -11 + 85 + -50 + -71.
-47
What is -116 + 96 + (2 - 1) - -24?
5
What is the value of 90 + -23 + -16 + -11?
40
What is the value of 18 + -8 + -70 + -55 + 43?
-72
Calculate (16 + 0 - (6 - (9 - 1 - 5))) + -7.
6
What is (176 - 172) + -59 + 3 - -1?
-51
What is the value of (99 - -116 - 122) + -183?
-90
What is the value of 0 + -56 + (9 - (-73 - -72))?
-46
What is the value of (-2 - -80) + (10 - (12 + -2) - 14 - -19)?
83
What is the value of 47 + (-28 - (-4 + -10 + 7) - -6)?
32
Calculate -18 + (19 - (14 + -11)) - 14.
-16
What is (-6 - 0) + -39 + (-105 - -24)?
-126
Calculate (24 + 94 - 2) + -12 + (51 - 17).
138
What is -3 + 53 + (5 - (10 - -18))?
27
Evaluate -23 - (60 - 45) - 4.
-42
Calculate 32 - (58 + (-79 - -59)).
-6
Evaluate 45 - (97 + -30) - 15.
-37
13 + (41 - 43 - 6)
5
Evaluate (-7 - 113) + -8 + (6 - -3 - 10) - -5.
-124
Calculate (-10 - -10) + 7 + (15 - -4) + (0 - 0).
26
Calculate 198 + -171 - (16 - 2) - -8.
21
What is 70 + (9 - (2 + 14 - 5) - (-1 - -1))?
68
Calculate 39 - (49 - (-20 + 19)).
-11
What is the value of (2 - -16) + (-23 - 10 - -12 - 107)?
-110
What is the value of (1 - (-18 + 4) - (121 - 131)) + -10?
15
(-11 - -23) + -19 + (-2 - (8 - 68))
51
What is (-94 - -58) + (8 + -5 - -1 - -2) + -9?
-39
-8 + 5 + 20 + (0 - 0) + 481 + -476
22
What is the value of 9 + (0 + 10 - (-7 + -11 + 15) - 6)?
16
What is the value of (-15 - 4) + -1 + 40 + -32?
-12
What is (4 - 3) + -37 + -2776 + 2777?
-35
Calculate -40 + (-11 - (-11 - -19) - -16).
-43
(-57 + -77 - -70) + -4
-68
What is the value of 28 + (-33 - -17 - (-5 + 6 - 6 - 4))?
21
What is the value of 109 + 16 + -73 + -5?
47
Calculate -1 - -17 - (-15 + 1 + -26 + 23).
33
Evaluate (-8 + -68 - 3) + (101 - 88).
-66
What is 15 + -13 + (-14 - (-15 + 1)) - (0 + 12)?
-10
What is (-8 - ((-25 - 0) + 13)) + -114?
-110
Calculate -26 - (4 - 33 - -11 - 6).
-2
What is (1 - -43) + (58 - (153 + -79))?
28
Evaluate -61 + (59 - 40) + -6.
-48
Calculate 13 - (42 + -111 - -29).
53
Evaluate 398 + -421 - (-7 + -5 + (2 - 4) + 4).
-13
Calculate (125 - 247) + (16 + 2 + -6 - -5).
-105
Evaluate 13 + -44 + (-26 - (-14 - 25)) + (-5 - 0).
-23
What is the value of -41 + -1108 + 1117 + (-26 - 1)?
-59
What is (-18 - (-1 + 5 + -3)) + 41?
22
Evaluate (-60 - (48 - 20)) + 41.
-47
Evaluate (-60 - (-39 - 21)) + 46.
46
(27 - 22) + (-1 - -8)
12
What is 158 + 69 + -213 - (-3 + (64 - -2))?
-49
Evaluate (7 - 0 - (24 - -31 - 40)) + 14 + -24.
-18
Calculate -3 + (-1 - -3) + -7 - (-120 + -111 - -101).
122
Calculate (-1 + -2 - (-4 - -12) - (-431 + 421)) + 4.
3
Calculate (45 - (14 - 0)) + (-3 - 7).
21
What is the value of 7 - 3 - (18 + (-36 - -57))?
-35
What is (50 - 4) + (-12 - (-2 + 0))?
36
Evaluate (-2 - (33 - 3)) + -4458 + 4573.
83
Evaluate -43 - (-43 - (-55 + 39)).
-16
What is the value of -9 + 8 - (3 + -50 - (-6 + 1))?
41
Calculate 79 + (-1 - 41 - (-128 - -104)).
61
What is the value of (-193 - -72) + 162 + -32?
9
Evaluate 52 - (7 + -13 + 9 + (2 - 0)) - 12.
35
(24 - 4) + (223 - 203)
40
(-69 - (10 + (24 - 24))) + (-7 - 1)
-87
What is the value of 5 - ((-8 + 10 - -10) + -4) - -108?
105
What is the value of -14 - 7 - 6 - -87?
60
83 + (-54 - (-22 - -87))
-36
62 + -46 + -1 + 3 + (0 - (2 + 0))
16
Evaluate -42 + -8 + (41 - 16) + 2 + -6.
-29
1 - (16 - (-8 + 6)) - (-172 - -198)
-43
Calculate 56 + -109 + 30 + -45.
-68
Evaluate -40 + (38 + -11 - -10) + -5 + -1.
-9
What is -99 + (-71 - -218) - (-26 - 1)?
75
What is the value of 13 - 12 - (-9 - (0 + 0 + -6)) - -6?
10
What is -128 - (-1 + 13 + -50 + 7)?
-97
-4 + 26 - (-12 - (8 + -24 + 9))
27
What is 52 + (-7 - 1) + -13 + 5 + 9?
45
70 + -63 + 36 + -31
12
What is the value of 4 + (10 - (3 - -1)) - (2 + 2 + -37)?
43
What is the value of -909 + 918 - (-4 - 1 - (12 + (-114 - 0)))?
-88
Calculate 100 + (-18 - (86 + -37)).
33
(-8 - -16 - 76) + 88
20
Calculate 31 + (1 + -20 - 1).
11
Calculate -63 + -47 + 22 + 71.
-17
Calculate 4 + -16 + (-1 - 1 - -1) + 59.
46
Calculate -6 + (0 - (-17 - (-37 - -31) - (4 - -1))).
10
-111 - (2 + -17 + 20 + 10 - 28)
-98
What is the value of -18 - -7 - ((-1 - 48 - -3) + -2)?
37
Calculate 38 + 0 + -16 + 1941 + -1949.
14